8, 4*s + 0*s + 6 = u. Let q(v) = v + 4. Let a(l) = -1. Let j(x) = u*a(x) - q(x). Give j(-1).
-1
Let u = 8 + -7. Let a = -2 - -6. Let j(m) = -5 - 2*m**2 + 4*m + 6*m**3 - 2*m + a. Calculate j(u).
5
Let f(m) be the second derivative of 1/4*m**4 - 1/20*m**5 + 2*m - 1/6*m**3 + 0 - m**2. What is f(2)?
0
Let v(g) = g**3 + 2*g**2 - 3*g - 1. Let w(m) = -m**2 + 2*m + 11. Let t be w(5). Give v(t).
-21
Let l(o) = -o**2 + 14. Suppose 4*n = f + 4, 0 = -2*f + 5*f + 12. Calculate l(n).
14
Let x(g) = 4*g + 10*g**3 - g**2 - 2*g - 7 - 9*g**3 - 5*g**2. Give x(6).
5
Let t(x) = x**2 - 4*x - 5. Let a = -14 - -27. Suppose 3*i + 1 = a. Calculate t(i).
-5
Let r(l) = l**2 - 5*l - 6. Let f be 4*(12/8)/1. Determine r(f).
0
Let g(b) be the first derivative of -5*b**2/2 - b - 27. What is g(-3)?
14
Let j = 14 - 10. Let r = 9 - j. Suppose -r*a - 23 = -4*w, w - 3*a - 11 = -0*w. Let p(u) = -2*u**2 + 2*u. What is p(w)?
-4
Let j(d) = d - 2. Let m(h) = -h + 1. Let q(u) = j(u) + 5*m(u). Let g(i) = -i**2 - 4*i + 3. Let r(a) = 3*g(a) - 4*q(a). Determine r(2).
-7
Let v(m) be the third derivative of 1/120*m**6 + 0*m + 1/20*m**5 + 1/3*m**3 - 2*m**2 + 1/6*m**4 + 0. Suppose 2*s + 2*z - z + 4 = 0, 5*z = 0. Give v(s).
-2
Let u(l) = -2*l**2 + 1. Let i be (3/(-2))/(3/4). Let h be (2 - (-2)/i) + 1. Suppose -5*w + h*w - 3 = 0. Give u(w).
-1
Let s(p) be the first derivative of p**5/60 + p**4/3 + p**3/2 - 5*p**2/2 - 4. Let d(v) be the second derivative of s(v). Determine d(-3).
-12
Let z(a) = -7 + a**3 - 5*a + 7*a - a. Calculate z(0).
-7
Let w = 8 - 8. Let j(r) be the third derivative of -r**5/60 - r**4/24 + r**3/6 - 8*r**2. Calculate j(w).
1
Let x be (-4)/(-2) + -1 - -2. Let l(t) be the first derivative of -t**4/12 + t**3/2 + 2*t**2 - 3*t + 1. Let y(a) be the first derivative of l(a). What is y(x)?
4
Let m = -37 + 52. Suppose 0 = -8*g + 3*g + m. Let x(t) = -g*t**2 + 3*t - 1 + 2*t + t**3 - 2*t. What is x(3)?
8
Let k(u) = -u - 8. Suppose -4*h = 5*i - 7, -2*h - 2 = 2. Suppose i*x + x = 0. Give k(x).
-8
Let c = -64 + 68. Let o(a) = 3*a. Calculate o(c).
12
Suppose -w + 2 = -0, 4*i = w + 2. Let h(m) = -m**2 - 3*m + 3. Let u be h(-3). Let n(c) = c**u + 0*c**3 + 3*c**3. Calculate n(i).
4
Let y(c) = 2*c + 5. Let b(o) = -o. Let s(a) = -b(a) - y(a). Suppose d + 7 = -3*u, 4*d + 4*u + 7 = 3. Suppose 0 = d*f - 3*f. What is s(f)?
-5
Let t(g) = g**2 + 5*g + 8. Let n be t(-8). Suppose -2*o - n = -4*x, o = 2*o - 4*x + 26. Let c(v) = -v**3 - 7*v**2 - 8*v - 6. Determine c(o).
6
Let m = -36 + 39. Let a(r) = r**2 - r - 4. Give a(m).
2
Let v(z) be the third derivative of -z**6/360 + z**5/24 - 5*z**4/24 + z**3/3 + 6*z**2. Let o(t) be the first derivative of v(t). What is o(4)?
-1
Let t be 20/9 - 2/9. Let f be 13/t + 2/4. Let n(c) = -c + 2. Calculate n(f).
-5
Let i(d) = -5*d + 2. Let x be (-48)/(-28) + 4/14. Determine i(x).
-8
Let a be 63/14 + (-1)/(-2). Suppose 2 = m + 1, 5*f + a*m - 25 = 0. Let b(w) = w - 1. Calculate b(f).
3
Let r = 9 - 9. Let w(c) = c**3 - 3. What is w(r)?
-3
Let g(k) = -4*k - 1. Suppose 3*u + 3*u = 6. Calculate g(u).
-5
Let u(d) = d + 3. Let w be u(-3). Let o(b) = 0 - 5 + w*b**3 - 2*b - 5*b**2 - b**3 + 10*b**2. Determine o(4).
3
Let l = -18 + 22. Suppose -s = l*s + 3*t - 28, 5*s - 22 = 3*t. Let i(z) = -z + 7. Determine i(s).
2
Let t = -5 + 10. Let a(v) = -4 + 11 + 0 - v**3 + 5*v**2. Determine a(t).
7
Let o(p) be the third derivative of p**5/60 + p**4/24 + 5*p**3/6 + p**2. What is o(0)?
5
Suppose -4*h + 13 + 23 = 0. Let r = -14 + h. Let o(b) = b**2 + 4*b - 4. Calculate o(r).
1
Let l(q) = q + 2. Let h be l(2). Let v(g) = -g**3 + 4*g**2 - g - 1. Determine v(h).
-5
Let q = -8 - -13. Let m(a) be the first derivative of -a**3/3 + 7*a**2/2 - a + 7. What is m(q)?
9
Let j(g) = -g + 1. Let s(b) = b**2 + 4*b. Let v be s(-4). Let y be v + -4 + 2 - 1. Determine j(y).
4
Let p(m) = m**2. Let h(w) = -w**2 + w - 5. Let x(k) = -h(k) - 2*p(k). What is x(0)?
5
Suppose -2*o + 6 = o. Let f(g) = g**3 - 2*g - 12*g**2 - o + 0 + 14*g**2. Give f(-2).
2
Let t(w) = -w + 10. Suppose 16*y = 6*y + 100. Give t(y).
0
Suppose 0 = o - 6 + 4. Let t(y) be the third derivative of y**5/20 - y**4/8 + y**3/6 + y**2. Calculate t(o).
7
Let h(c) = -6*c**2 + 4*c - 14. Suppose -4*m = -0*m - 44. Let g(l) = -l**2 + l - 3. Let o(i) = m*g(i) - 2*h(i). Determine o(-4).
-1
Let g(q) be the second derivative of 0*q**3 + 2*q + 1/12*q**4 + 2*q**2 + 0. Let m(u) = -2*u + 2. Let w be m(1). Calculate g(w).
4
Let a be -3 + 0 + (9 - (12 + -5)). Let o(k) = 9*k**2 - 1. Give o(a).
8
Let j(b) be the third derivative of b**6/120 + b**5/12 + 5*b**4/24 + 2*b**3/3 - b**2. Let x = -15 - -12. Calculate j(x).
7
Let n(i) = -i**3 + 4*i**2 + 1. Let c be (-2 + -6)*(-2)/4. Give n(c).
1
Let u(d) = -1. Let b(r) = -r**2 + 7. Let l(q) = b(q) + 5*u(q). Give l(0).
2
Let l(x) = -x**2 - x + 6*x - 3*x + 2*x**2. Let i be l(-4). Let a be 9/(-12) + (-2)/i. Let y(c) = c**2 - c - 1. What is y(a)?
1
Let v(r) = r**2 - 4*r + 2. Let g be v(2). Let h = g - -2. Let x(f) = f**3 + 11 - 3*f**3 + f**3 - 4. What is x(h)?
7
Let n = 1 - 6. Let s = 6 + n. Let l(q) = 14*q**3 - q**2 + 1. Determine l(s).
14
Let h = -1 + 3. Let b(p) = 2 + 3*p + 3 + h - 1. Calculate b(-5).
-9
Let p(i) = i + 1 - 1 - i**2. Let g(q) = -3*q**2 + 6*q - 3. Let r(u) = -g(u) + 2*p(u). Suppose -5*w + 11 = 7*m - 8*m, -3 = -3*w - 3*m. Determine r(w).
-1
Let s(o) = 3 - 3*o + 4*o - 5. What is s(-5)?
-7
Let d(p) be the first derivative of -p**2/2 - 7. Determine d(-5).
5
Suppose -5*n - 6 = 4. Let h(l) = 7 - 3 - 2 + 4*l + 0. Calculate h(n).
-6
Let z(o) = -o**2 - 5*o - 1. Suppose 3*p + 0*p = -6. Let v be 33/(-7) + p/7. What is z(v)?
-1
Let t(n) = -3 - n**3 - 11*n - 4 + 4*n**2 - 15*n**2. Let g be t(-10). Let v(a) = 4*a - 1. Calculate v(g).
11
Let v be (-24)/(-40) + 17/5. Let r(k) = -k + 5. What is r(v)?
1
Suppose -2*h - s = -4*s - 22, 0 = 3*s + 6. Let g = -11 + h. Let c(i) = -i**2 - 4*i - 2. Calculate c(g).
1
Let u(y) = 6*y + 19. Let v be u(-3). Let p(i) = 5*i**3 - 2*i + 1. Give p(v).
4
Let c(q) be the second derivative of q**7/2520 + q**6/240 - q**5/24 - q**4/6 - 5*q. Let v(y) be the third derivative of c(y). Give v(-5).
5
Let m = 1 + 2. Let h(f) be the third derivative of -2*f**2 + 1/24*f**4 + 0*f + 0 + 1/3*f**3. Calculate h(m).
5
Let y(j) = -j**3 + j**2 + 5*j - 3. Let r(d) = -d**2 + d + 3. Let q be r(4). Let h be 12/8 + 2/(-4). Let k be (h + 0)/((-3)/q). Calculate y(k).
-6
Let n(w) be the second derivative of 1/3*w**3 - 1/6*w**4 + 0 + 6*w - 1/2*w**2 + 1/10*w**5. Give n(1).
1
Let b(j) be the second derivative of 0*j**3 + 1/120*j**5 + 0*j**2 + 1/3*j**4 - 2*j - 1/180*j**6 + 0. Let t(s) be the third derivative of b(s). Give t(-1).
5
Let f(p) = -2*p**3 + 7*p**2 + 6*p - 2. Let y be f(4). Let n(r) = r**3 - 5*r**2 - 6*r + 1. Give n(y).
1
Let n(d) = 4*d**2 - 2*d. Let l be (-5)/((-5)/(-3)) - -3. Let o = l + 2. Calculate n(o).
12
Let j(x) = 7*x**2 - 6*x - 2. Let n(o) = -3*o + 14*o + 1 - 13*o**2 + 3. Let d(f) = 11*j(f) + 6*n(f). Let l(y) = -y + 4. Let g be l(6). Determine d(g).
-2
Suppose -q + 2*v = 8, q - 6*q - 5*v - 10 = 0. Let p = q - -4. Let h(s) be the third derivative of -s**5/60 - 5*s**3/6 - s**2. Determine h(p).
-5
Let j(a) = -5*a**3 + 6*a**2 - 3*a + 9. Let p(v) = -v**3 - v + 1. Let b = 3 - -1. Let y(o) = b*p(o) - j(o). What is y(6)?
-11
Suppose -3*b + 16 = b. Let q(k) = k**2 + 6*k - 1. Let n be q(-6). Let j = n - b. Let c(s) = s**3 + 5*s**2 + 3*s + 5. Give c(j).
-10
Let o(r) = -6*r**2 + 6*r**2 - r**3 - 4*r**2 + 3*r - 5. Suppose -h + 2 = 7. What is o(h)?
5
Let h = 50 + -80. Let b be (-18)/24 + h/(-8). Let o(g) = -g - 2. Calculate o(b).
-5
Suppose -2*x + 3*u + 25 = 0, 4*x - 2*u = -3*u + 15. Suppose 0 = 4*y + b - 10, 0 = 4*y - 3*y + 5*b - 12. Let k(s) = s - 6 + 3 + y. What is k(x)?
4
Let y(c) = -c**3 + c**2 - c + 1. Let z(b) = -9*b**2 - 5*b - 2. Let g(x) = -y(x) - z(x). What is g(-7)?
8
Suppose 18*d - 19*d = 0. Let u(f) be the third derivative of 1/6*f**3 + d*f - 1/24*f**4 + f**2 + 0. What is u(5)?
-4
Let b(h) = -h. Let w(m) = 3*m + 6. Let l(o) = -6*b(o) - w(o). Determine l(4).
6
Suppose 4*u + 48 = 3*f, 2*f - 3*f + 4*u = -16. Suppose 1 = -3*n + f. Let t(m) be the second derivative of m**5/20 - m**4/3 - m**3 + m**2 + 2*m. Calculate t(n).
-3
Let u(l) = -l**3 + 2*l**2 - 2*l - 1. Let t(n) = -n**2 + 4*n + 2. Let q be t(4). What is u(q)?
-5
Let p